) a composite number?
True
Let q = -7 + 8. Suppose 3*a - 7 = -m - q, 0 = -4*m + a - 2. Is 16 - (3 - m - 2) composite?
True
Suppose l + 3*c = 20564, 7*c - 10*c - 9 = 0. Is l prime?
False
Let l(q) = -4*q**3 + 5*q**2 + 2*q + 9. Suppose 3 = 2*r + r - a, -a = 3. Let w be 12/(-2) + r/6. Is l(w) a prime number?
False
Let r be (-30)/7*14/(-2). Suppose 20*k - 15*k = r. Is 2/(4/3108*k) prime?
False
Let d(t) = -11*t - 5*t + 1 - t**2 + 14*t. Let o be d(-5). Is (2 - 24)*o/4 a composite number?
True
Suppose 0 = -0*p - 5*p. Is 1973 - 13 - (p - -1 - 2) prime?
False
Suppose -121*d + 128*d = 15463. Is d prime?
False
Let b = 127 - 129. Is b/(6/(3768/620) - 1) a prime number?
True
Let l(n) = 12*n**2 - 3*n + 3. Let s be l(2). Let p = -276 + 270. Is 30/s - 758/p a prime number?
True
Suppose -2*t - 822 = -5*t. Suppose 4*l - 4*a - 1800 = 0, -t = -l - 5*a + 152. Suppose l = 2*d - 0*c + 4*c, -2*c = -8. Is d composite?
True
Suppose 83*y = 81*y + 7322. Is y prime?
False
Suppose 0 = 3*f - 7600 - 11603. Is f a prime number?
False
Let z(b) = 155*b**2 + 12*b + 144. Is z(-7) a prime number?
False
Let t = 1150 + -63. Is t prime?
True
Let f = 20 - 14. Let l(m) = -f*m**3 - 2*m - 2 + 15*m**3 + 2 + 1. Is l(2) composite?
True
Is 0/(5 - 7) + 5269 a composite number?
True
Let t be ((-22)/(-11))/((-1)/(-2)). Suppose 0 = t*s - 2*b + 3*b, -2*s = b. Suppose s = -0*w + 5*w - 2*h - 1275, 2*h - 524 = -2*w. Is w a prime number?
True
Let c(k) be the second derivative of k**4/12 + k**3/6 + k**2 + 4*k. Let u be c(-2). Suppose b = u*b - 7827. Is b composite?
False
Suppose 0 = -16*w + 25654 + 39130. Is w composite?
False
Suppose -12 = -z - 4*b, -18 = 2*z - 5*z - 3*b. Suppose 0 = -z*y + 1 - 13. Is 115 - (y - -2 - -3) prime?
True
Let v = -3574 + 9131. Is v a prime number?
True
Suppose 235*s + 46076 = 239*s. Is s prime?
True
Suppose 2*l - 7*l - 20 = 0. Let z be (l/9)/((-4)/18). Suppose 3*k = 4*s - 1379, -2*s - z*s + 4*k + 1376 = 0. Is s a composite number?
False
Let m = 46 - -29. Let i = 130 - m. Is i a prime number?
False
Let z be 3/(4/(20/5)). Suppose 4 = -2*j - 2*q, 4*j - 3*j = 3*q + 6. Suppose z*h - 443 - 1462 = j. Is h a composite number?
True
Let u = -121705 - -188282. Is u prime?
False
Let s(a) = 2*a**3 - 14*a**2 + 9*a. Let q be s(7). Suppose 9*d - 91 = -4*f + 6*d, 2*f - q = -5*d. Is f a prime number?
True
Suppose 2*k = -n + k + 156, 4*n - 625 = -5*k. Suppose -4*z - n = -9*z. Is z composite?
False
Let v be 5/((-10)/2)*-3. Suppose -v*w - 6232 = -4*i - 7*w, -2*i + 3122 = -4*w. Is i a composite number?
False
Suppose 0 = 5*u - 5 - 20. Suppose 0 = -3*a - 4*p + 413, -3*a - u*p + 110 = -308. Is a a prime number?
True
Let g(n) = 1 + 6*n**2 - 2*n**2 - 4 - 4*n. Is g(-2) composite?
True
Suppose -5*r - l = -281409, -121261 = -3*r - l + 47586. Is r composite?
True
Suppose -5*o = c + 46454 - 138444, 4*o = 4*c - 367936. Is c prime?
False
Let a be (-2 + 3)*(0 - 0). Suppose a = 2*d - 63 + 19. Is ((-97)/2)/((-11)/d) a prime number?
True
Suppose 5*i = -2*b + 4, 0 = -i + 3*i. Let h be b/(-2) + 0/(-4). Let r(d) = -22*d**3 - 2*d**2 - d. Is r(h) a composite number?
True
Suppose 2*t - 5*l = -15, -t + 2*l = -4 + 9. Suppose -2*a + 91 = t*d, -4*a + d + 110 = -17. Is a a composite number?
True
Suppose 0 = -7*p - 5*p - 115212. Let h = -4832 - p. Is h composite?
True
Let k = -26 - -30. Suppose -2*b - 10 = 0, f + b + k*b = 26. Is f prime?
False
Let z(a) = 8*a**2 + 6*a - 3. Let g be z(-5). Suppose 2*d - r + 4*r = 217, 2*r = 4*d - 442. Let s = g - d. Is s prime?
False
Suppose 4*a + 1664 = 208. Let i = -258 - a. Is i prime?
False
Suppose 46*o - 48*o = 32. Is 3 + 42/o - 34516/(-32) a prime number?
False
Suppose 0 = -s - 5 - 2. Let q(v) = 12*v**2 + 19*v + 22. Let f(t) = 6*t**2 + 9*t + 11. Let r(p) = 7*f(p) - 3*q(p). Is r(s) composite?
False
Let t(b) = b**2 - 2*b - 1. Let n be t(3). Let a be -1 + 2 - 1282/n. Let i = a - -1391. Is i a composite number?
False
Is -3 + 9 + 8730 + 10 composite?
True
Suppose 19*n - 821 = 15386. Is n composite?
False
Let x(j) = 2*j**3 + 7*j**2 - 4*j - 5. Let b be x(-6). Suppose 0 = 4*f - 16, f = 5*m + 2*f + 1546. Let r = b - m. Is r composite?
False
Is (-3)/((-15)/7045)*1220/20 prime?
False
Let b = -15990 + 22511. Is b a composite number?
False
Suppose -31*j + 29*j = -670. Suppose d = 2*q - 666, d = -q + 2*d + j. Is q a prime number?
True
Let m = 50429 + -18018. Is m a prime number?
True
Suppose 0 = l + 5*f - 11724, 6*l + 3*f + 23383 = 8*l. Is l a composite number?
False
Let x(r) = 8*r**3 - 17*r**2 - 45*r + 55. Is x(19) a prime number?
False
Let o(j) = j**3 + 7*j**2 + 6*j - 10. Is o(7) composite?
True
Let q = 5401 - -6306. Is q a prime number?
False
Let z = 29 + -62. Let y = 88 + z. Is y a composite number?
True
Let j be 20/6 - (-5)/(-15). Suppose -y - 19 = 5*x, 6*y = j*x + 3*y + 15. Is 20*x/48*-111 a composite number?
True
Suppose 127*c + 72453 = 130*c. Is c composite?
False
Let a(k) = -k**3 + 5*k**2 + 4*k + 14. Let q be a(6). Suppose q*r = -4*u + 898, 36 = 2*r - 2*u - 844. Is r a prime number?
True
Let d(v) = 7*v - 3. Suppose 0 = -2*z - 2*p, -2*p + p = 2*z - 2. Suppose -3*m + 8 = -z*m. Is d(m) prime?
True
Suppose 3*z + 2*m - 12593 = 4*m, 12608 = 3*z + m. Is z a prime number?
True
Let i(q) = -q + 31. Let p(o) = -o + 22. Let x be p(13). Let r = x + -9. Is i(r) a composite number?
False
Let d = 8426 + -5347. Is d a prime number?
True
Let i = 299 + -48. Suppose -3*c + i + 217 = 0. Suppose r = -2*u + c, -357 = -2*r - 2*u + 7*u. Is r a composite number?
True
Let z be (-6)/(-10) - (-3468)/20. Suppose -u - 61 - 4 = -5*c, -3*u - 3*c - 267 = 0. Let d = z + u. Is d composite?
False
Let h be (2/(-4))/(2/(-8)). Let d(s) = -23*s + 1. Let p be d(h). Let u = p + 76. Is u composite?
False
Suppose 3*g + 2*q = g + 1480, 0 = g - q - 738. Suppose -3*p + g = u - 784, -p + 491 = -3*u. Suppose -4*b = -2*a - 8*b + p, b = -5*a + 1256. Is a prime?
True
Let b(t) = t**3 - 6*t**2 + 4*t + 12. Let w be b(5). Suppose -5*h - 694 = -w*h. Is h composite?
False
Let d(z) = 207*z**2 - 11*z + 131. Is d(8) a composite number?
False
Suppose 4*a + 3*q - 2599 = 0, 0 = 5*a - 3*q - 432 - 2810. Is a prime?
False
Suppose 0 = f + a - 2*a + 3, 4*a - 12 = -4*f. Suppose 0*n = 2*n - 314. Suppose -n = -f*q - q. Is q composite?
False
Let z be (2 - 2) + (342 - 4). Let j = 669 - z. Is j a prime number?
True
Suppose -70 = 4*f - 86. Suppose -f*t + 2*d = -d - 2770, 2*d = -5*t + 3451. Is t a composite number?
False
Suppose 4*f = -5*y + 11530, 4*y + 4 + 4 = 0. Is f a prime number?
False
Suppose 4*h = 2*z + 3*h, 2*z - 5*h - 8 = 0. Let f be z - (-597 - (-3 - -3)). Suppose 2*b - f = -2*b. Is b a composite number?
False
Let f(h) = -5*h**3 + 2*h**2 + 2*h + 1. Let j be f(-1). Let x be (-4)/6 - (-244)/j. Is (-2 - -6)/(-4) + x prime?
False
Is 714/12*274 - -8 composite?
True
Let v = 817 + -385. Let s = -89 + v. Suppose 122 = 3*a - s. Is a a prime number?
False
Let p(n) = 99*n**2 + 27*n - 31. Is p(-9) a prime number?
False
Suppose 6*d + d - 7434 = 0. Let g = 1859 - d. Is g prime?
True
Let b(j) = -2*j. Let t be b(8). Let k = 279 - t. Is k a prime number?
False
Suppose -2*r + 4*a - 2 = 0, 0 = 3*r + a - 0 - 18. Suppose -r*l + 1640 = -5*z, -z - 333 - 326 = -2*l. Suppose 7*o = 2340 - l. Is o composite?
True
Let m(z) = -18*z + 19. Is m(-21) prime?
True
Let v = 336 - 49. Let j = 724 - v. Is j prime?
False
Suppose 4*a + 5*v = -a + 235, -5*a + 255 = -5*v. Suppose -3*o - 5*k + a = 0, 3*o = 6*k - k - 1. Suppose 3*i - 178 = o. Is i a prime number?
False
Let j = 5616 + -3847. Let b = j + -692. Is b composite?
True
Let v = 93 + -61. Let s = 76 - v. Let k = 283 - s. Is k a composite number?
False
Suppose -5*d + 5 = 5*s, 0*d - 4*s = -3*d + 24. Let t(g) = 2*g**2 - 7*g + 10. Let x be t(6). Suppose l + x = 3*w, 0*w + 5*w + d*l = 95. Is w a prime number?
False
Let z = 533 + 180. Is z a composite number?
True
Is (9/6*223)/((-1)/(-2)) composite?
True
Suppose -7*v + 2227 = -1616. Suppose 0 = -4*g + 79 + v. Is g a composite number?
False
Suppose -34*o + 836 = -30*o. Let h = o + 48. Is h prime?
True
Suppose 6*m - 18117 - 1605 = 0. Is m a composite number?
True
Suppose 338*b = 339*b - 613. Is b a composite number?
False
Let k = -7538 - -17757. Is k a prime number?
False
Let h be (-2)/(-3)*(2 - -4). Let b(r) = 33*r + 13. Is b(h) a prime number?
False
Suppose 0 = 2*i + 3*j - 2890, -9*i = -7*i 